Let j be r(-3). What is the greatest common divisor of j and a?
16
Let z = -3 + 10. Let h = z + -4. Let m be (-3 - h)*22/(-4). What is the highest common factor of m and 264?
33
Let y(n) = -2*n + 2. Let d be y(-11). Let v be 40/14 + (-3)/(-21). Suppose v*o = 37 + 143. Calculate the greatest common divisor of o and d.
12
Let g(q) = 8*q + 4*q + 3*q + 19 + 3*q**2 - 11*q. Let y be g(8). Calculate the greatest common divisor of y and 27.
27
Let l be (((-6)/(-4))/(-3))/(2/(-4)). Let r(w) = w**3 - w + 10. Let h be r(0). Let j be (3/6*h)/1. Calculate the greatest common factor of j and l.
1
Suppose -12*f + 125 = -55. What is the greatest common divisor of f and 255?
15
Suppose -12*f = -14*f + 14. Calculate the greatest common divisor of 217 and f.
7
Suppose 19*t - 2*t + 68 = 0. Let l be (9/t)/(6/(-120)*5). What is the greatest common factor of 27 and l?
9
Let u be ((-6230)/12)/(-35) - (-1)/6. What is the highest common divisor of 435 and u?
15
Let z = 61 - 31. Let j(y) = y**3 - 4*y**2 - 6*y + 9. Let h be j(6). What is the greatest common factor of z and h?
15
Suppose -3*v + 7*v = 3*d - 18, v + 13 = 5*d. Let y = v + 8. Suppose -y*a + 4*j + 41 = 0, a = 4*a + 3*j - 30. Calculate the highest common factor of a and 27.
9
Let t(z) = -7*z**2 + z. Let y be t(3). Let n = y + 125. What is the greatest common factor of n and 13?
13
Suppose -5*w + 4 = -3*t + 1, -4*w + 3*t = 0. Let u(k) = k**2 - 5*k - 23. Let l be u(10). Calculate the greatest common factor of l and w.
3
Suppose -47*x - 57 = -480. Let w be -1 - 118*(-1)/1. What is the highest common factor of w and x?
9
Suppose 4 - 6 = -t. Suppose -6*k + 12 = -t*k. Suppose 0 = b + k*b - 144. Calculate the highest common factor of 4 and b.
4
Suppose 10 = 2*v, -4*r - 4*v + 38 = -6*v. What is the highest common divisor of 8 and r?
4
Let u be 20 - -7 - 7 - 9. Let f be 4/18 + (-25)/(-9). Suppose -5*s - 455 = -5*x, -x + f*s + 5 = -92. What is the highest common factor of u and x?
11
Let h(q) = -6*q - 3. Let t be h(2). Let y be 5*((-324)/t + -4). Calculate the highest common divisor of y and 44.
44
Suppose 5*b + 15 = -6*n + 9*n, -n + b = -3. Suppose n = -6*j + 6 + 6. Suppose 112 = 5*o + 32. Calculate the highest common divisor of o and j.
2
Let c(o) = -o**2 - 9*o + 3. Let b(x) = 1. Let n(i) = -3*b(i) + c(i). Let w be n(-8). Calculate the highest common factor of w and 64.
8
Suppose 0 = -7*u + 4*u + 4*f + 38, 3*f = -15. Let n be 366/10 - u/10. What is the highest common factor of 54 and n?
18
Let g = 120 - 30. Calculate the greatest common factor of 10 and g.
10
Suppose 11*f - 721 + 17 = 0. What is the highest common factor of 32 and f?
32
Let o(q) = -2*q - 5. Let g be o(-4). Suppose -a - 4*i = -228, -a + 2*i - 474 = -g*a. Suppose 0*n = 4*n - a. What is the greatest common divisor of 15 and n?
15
Let k be ((-2)/6)/((-1)/3). Let v = k - -14. Calculate the greatest common factor of 15 and v.
15
Suppose 2*g + 4 = 5*p, 0 = -4*g + 12 - 0. Calculate the greatest common divisor of 5 and p.
1
Let d be 8/(-64) + 313/8. Let s = d + 104. What is the greatest common factor of s and 13?
13
Let a(i) = -4*i**2 - 32*i. Let t be a(-6). Calculate the greatest common factor of t and 3.
3
Suppose 0 = 2*n - 1235 + 179. What is the highest common factor of 33 and n?
33
Suppose 2*p = 8, f + 79*p = 78*p + 16. What is the highest common factor of f and 6?
6
Let o be 31 - 2/(-4)*2. Suppose 9*t - 24 = 4*t - 2*f, -4*t = -f - 14. Calculate the greatest common divisor of o and t.
4
Let u = -6 + -48. Let o = 101 - u. Suppose -5*f - 87 = -v, 0*f + 300 = 5*v + 2*f. What is the highest common factor of o and v?
31
Suppose -180 + 383 = -7*q + 511. Let y = 257 - 147. What is the greatest common divisor of q and y?
22
Suppose -23*o - 15 = -28*o. Suppose -56 = -o*n - 4*n. What is the greatest common divisor of 24 and n?
8
Suppose 39*q - 34*q = 3*t + 27, 5*q - 11 = -t. Calculate the highest common divisor of 3 and q.
3
Let b be 832/(7/((-84)/(-24))). Calculate the greatest common divisor of b and 96.
32
Let c be 46/253 - (3 - (-5694)/(-22)). What is the greatest common factor of c and 24?
8
Suppose -3*d - 275 = -4*g + 2*d, 2*d = 3*g - 208. What is the highest common factor of 2 and g?
2
Let k be (-38)/399 - 7396/(-42). What is the greatest common divisor of 112 and k?
16
Suppose 5*r - 2*r = 0. Suppose r = 3*m + 9, -3*l + 65 = -l + 3*m. Calculate the greatest common factor of 37 and l.
37
Suppose -5*r - 404 = -2*g - 10*r, 3*r = 12. Calculate the highest common factor of g and 48.
48
Suppose u - 11 + 10 = 0. Suppose 5*d + 28 = n - 96, -3*n + 3*d = -324. Let o be (-3)/u + n/8. Calculate the greatest common factor of 10 and o.
10
Let q be 327/9 + 10/(-30). What is the highest common divisor of 64 and q?
4
Let f = 66 + -35. Suppose -t + g = -f, 3*g = t + 8*g - 19. Calculate the greatest common factor of 116 and t.
29
Suppose -18*a + 20*a - 168 = 0. Calculate the greatest common divisor of 36 and a.
12
Suppose 167 - 68 = -11*l. Let k be l/2*26/(-39). Let f = 51 + -30. Calculate the greatest common factor of k and f.
3
Suppose 3*t - t = -m - 12, -t = 5*m + 60. Let f be 42/2 - m/(-3). Let w be 68*(-3 + (-16)/(-4)). What is the highest common factor of w and f?
17
Suppose 2*c = 104 + 224. What is the highest common factor of 4 and c?
4
Suppose w = -4*l - 1, -5*w + 5*l - 35 = 95. Let d be -7*3/w*(0 + 10). What is the greatest common factor of 10 and d?
10
Suppose 11 = s + 4. Let p(b) = b**2 - 4*b + 3. Let u be p(8). Calculate the greatest common factor of s and u.
7
Let m = 3 + 14. Let x = -11 + m. Let r = 68 + -20. What is the greatest common factor of r and x?
6
Suppose 6*a - 305 = 334 - 45. Let y(m) = 2*m**3 - m**2 - 2*m + 3. Let u be y(2). What is the highest common divisor of a and u?
11
Suppose 1167*h = 1169*h - 84. What is the highest common divisor of h and 322?
14
Let p be ((-228)/(-15))/(4/10). Suppose 16 + p = v. Suppose 0 = -4*d - 6 + v. What is the greatest common divisor of 96 and d?
12
Suppose 58*x - 24432 - 66802 = 0. Calculate the greatest common divisor of x and 13.
13
Let v(w) = w**3 - 2*w**2 - 4*w. Let g be v(3). Let f(q) = q**2 - 7. Let h be f(g). What is the highest common divisor of h and 4?
2
Let z be (25 + 2/(-2))*(-7625)/(-125). Calculate the highest common divisor of z and 72.
24
Suppose 105 = -i + 6*i. Suppose -i = -4*h - v + 11, 4*h - 32 = 2*v. Let s be 12/h*(-32)/(-6). Calculate the greatest common divisor of 1 and s.
1
Let l = 1188 + -1186. Let y = 0 + 10. Calculate the highest common factor of y and l.
2
Let o be (-40)/6*(-69)/46. Let l be (-5)/((-5)/o*1). Suppose 2*h + w - 8 = 28, -5*h + 3*w = -112. Calculate the highest common factor of h and l.
10
Let j(v) = v**3 - 24*v**2 - 23*v + 6. Let s be j(25). Calculate the greatest common factor of s and 64.
8
Let d be (0 - 8)/(2/(-3)). Suppose 5*z - 3*h = 54, -5*z + 5 = 3*h - 61. Calculate the greatest common factor of d and z.
12
Let p be -1 + 2 + 141 - 1. Suppose -p*c = -142*c + 48. Calculate the greatest common divisor of c and 16.
16
Let p(g) = 5*g - 1. Let w be p(2). Calculate the highest common divisor of w and 63.
9
Let n(y) = y**3 + 5*y**2 - 8*y - 2. Let b be n(-6). Suppose -2*s - 7 - 45 = -5*m, 3*m - 33 = 3*s. Calculate the highest common factor of b and m.
10
Let w(x) = -48*x - 4. Let a be (-27)/(-63) + (-30)/21. Let r be w(a). Calculate the greatest common divisor of r and 110.
22
Suppose 3*i - 4*i + 283 = -y, 1152 = 4*i + y. Let o be i*(-3 + 1 + 3). Calculate the greatest common factor of o and 41.
41
Let v be 6 + (4/5)/((-4)/(-720)). Let f(o) = 16*o**3 - o**2 + o - 1. Let p be f(1). Calculate the highest common factor of p and v.
15
Let z(p) = 2*p - 5. Let k be z(5). Calculate the greatest common divisor of k and 10.
5
Let o(k) = 7*k**3 - 3*k**2. Let a(z) = -2*z + 32. Let s be a(15). Let u be o(s). Let v be 6/(-10) + (-46)/(-10). Calculate the highest common factor of v and u.
4
Let w(q) = 4*q**2 + 13*q - 30. Let i be w(5). What is the highest common factor of 180 and i?
45
Let z(n) = 47*n - 138. Let l be z(3). Calculate the greatest common factor of 8 and l.
1
Let c = 53 - 50. Let i be c + (-6 - -3)*28/(-6). Let x(w) = -186*w + 1. Let h be x(-1). What is the highest common divisor of h and i?
17
Suppose -155 = -p + 6*p. Let a(h) = h**2 + 12*h - 8. Let w be a(-9). Let u = p -